-0*p + 2*q. Suppose 153*j = p*j - 6. Is 46/j*2/8*-106 a composite number?
True
Is (46/(-1173)*-17)/((-6)/(-3605787)) prime?
True
Let f(s) = -23*s - 7 + 4 + 2*s**2 + 5. Is f(27) a prime number?
True
Is ((-186)/465)/((-1)/4285) a prime number?
False
Suppose -7*x - 11*x = -353214. Suppose 0 = -6*d + 26211 + x. Is d a prime number?
True
Let a(r) = 52*r**2 + 22*r - 253. Is a(151) composite?
False
Let k be -2 + 36/(-9) - -2*7. Is -3 - (-2722 - (2 - (-6 + k))) composite?
False
Let v be (-1 - (-21)/3)/(-2). Let t be (-1 - -2)/(2 + v). Is (t + 6)/(19/2603) prime?
False
Suppose -i = -2 + 18. Is i/(-4) - 0 - (-2 + -1145) a composite number?
False
Let k be (-4 - (-4906)/6)*6. Suppose 0 = -y + k + 2617. Is y prime?
True
Suppose 3*w + a + 0 - 6 = 0, 0 = w + 3*a + 6. Let o be (-24)/6 - (-1221)/w. Suppose 5*l + 8*l = o. Is l a prime number?
True
Suppose 133*g + 99*g - 8*g - 61944736 = 0. Is g a composite number?
True
Let f(i) = 3*i**2 - 28*i - 173. Let t be f(-30). Let z = t + -1908. Is z composite?
False
Let l(z) = z**2 + z + 2. Let u be l(-3). Let a be (-39177)/(-108) + 2/16*2. Suppose -5*k - a = -u*k. Is k composite?
True
Let u(w) = -3*w**2 + 17*w - 8. Let j be u(5). Suppose 596 = j*i - 1272. Suppose -5*v = -2*h + 1156, 3*h + 2*v - 819 = i. Is h prime?
False
Let n = -408 + 411. Suppose -p - n*b = -12788, 5*p + 16*b - 11*b = 63950. Is p prime?
True
Suppose 6*x = -32*x - 228. Let a(z) = -50*z**3 + 14*z**2 + 17*z + 7. Is a(x) a composite number?
True
Suppose 25 = 2*w - 21. Suppose -2*h + w = 95. Is 8/h + (-5757)/(-27) composite?
True
Suppose 29*f = 31*f - 336. Let k be f/44 + (-4)/(-22). Suppose 1012 + 2344 = k*q. Is q prime?
True
Let s = -67313 + 203446. Is s prime?
True
Suppose -3*q - 3 = m, m - 3*q = 6 + 3. Suppose 0 = m*a - 4*a. Suppose -3*h + 1250 = 5*p, -5*p - 5*h = -a*h - 1240. Is p a prime number?
False
Let y(f) = -11*f - 28. Let q be y(-3). Suppose 0*t - q*u + 4646 = t, 14010 = 3*t - 3*u. Is t composite?
True
Let v = -7484 + 15087. Is v a composite number?
False
Suppose 0 = 2*o - 4 - 0. Suppose 5*b = 3*q + o*b - 651, -2*q = -b - 430. Is q composite?
True
Let o = 217522 + -68276. Is o prime?
False
Is 930185/10 + ((-12)/6)/(-4) a composite number?
True
Suppose -26346 = -4*i - 2*j + 36174, -31256 = -2*i - 3*j. Suppose 5*h = -2*h + i. Let m = h - 432. Is m a composite number?
False
Suppose i + 1074 + 44530 = 2*a, 0 = -2*i. Suppose 5*w + a = 8*w - b, -w - 5*b = -7606. Is w composite?
True
Let q(u) = 30*u**3 + 5*u**2 - 3*u - 3. Let y = -16 - -15. Let l be y + 12/(-8)*8/(-4). Is q(l) a prime number?
True
Let v = 79593 - -2792. Is v composite?
True
Suppose -2*n + 4*l = -6004 + 1370, n - l = 2318. Suppose k = 2*o + n, -8*k + 2*o + 6937 = -5*k. Is k a composite number?
False
Let t(q) = 9 - 38 + 21*q**2 + 7*q - 33*q**2 + 17*q**2. Suppose 0 = 5*w + 32 + 23. Is t(w) a prime number?
True
Let r = 78717 - -84220. Is r a composite number?
False
Suppose -2*k - 4 = 2*y, 2*y + 12 = -3*k - k. Suppose 0 = -4*i - l + 3859, -y*i + l - 967 = -3*i. Suppose -3*g + 1481 = -i. Is g a prime number?
False
Let d(s) = 43*s**2 + 79*s - 6. Let v(z) = 20*z + 21*z - 3 + 21*z**2 - 2*z. Let k(r) = -2*d(r) + 5*v(r). Is k(-10) a prime number?
False
Let f = -184 - -186. Suppose -f*p - 29880 = -2*j, -4*p - p + 29887 = 2*j. Is j composite?
True
Let r be 1 + -5 - (-466 - 0 - 0). Let s(t) = -3*t - 32. Let l be s(-13). Suppose k - l*k = -r. Is k a prime number?
False
Suppose 28080 - 317499 = -41*f. Suppose 742 = -2*i - 5*v + f, -4*i - 2*v = -12610. Is i a prime number?
False
Suppose 5*x - 2*i - 58671 = 34997, 0 = 5*x - 5*i - 93680. Let c = x + -9641. Is c composite?
False
Let y(z) be the second derivative of -z**3/3 + 2*z**2 - 19*z. Let f be y(1). Suppose f*c + 2230 = 7*c. Is c prime?
False
Let u be -18217 + 10/((-10)/3). Let n = -8382 - u. Is n a prime number?
False
Let y(b) = 112*b**3 - b**2 + 6*b + 16. Is y(3) composite?
False
Suppose 0 = 22*h + 4*h - 80990182. Is h a prime number?
False
Let w(d) = 76*d**2 + 19*d - 37. Let f be w(16). Suppose z = 4*s + 2*z - f, 0 = z + 1. Suppose 8*r - 501 = s. Is r prime?
False
Suppose -69535 - 78356 = -3*z. Is z composite?
False
Let i = -3937 - -6281. Suppose -o - a + 2473 = 0, -o + 2*a + i + 141 = 0. Is o a prime number?
True
Suppose -83*p - 484 = -82*p. Let x = p - -1658. Let j = 661 + x. Is j prime?
False
Suppose -6*v + 29468 + 7128 = -98158. Is v a prime number?
False
Let u(s) = 110*s**2 - 2*s + 59. Let t be 200/(-40)*12/(-10). Is u(t) a prime number?
True
Is (((-132)/(-8))/(-11))/(3/648836*-2) prime?
True
Let j(m) = m**3 - 3*m + 5. Let d be j(0). Suppose -2*o - 225 = 3*f, -d*f - 394 = -5*o + 2*o. Is (-163)/(-7) + 22/f prime?
True
Suppose 2*w - w = 0. Suppose 742 = p + p + 4*c, -5*p - 2*c + 1895 = w. Suppose 0 = 4*t - 3*t - p. Is t a prime number?
False
Let s = 12856 + -3640. Let n = 761 + s. Is n composite?
True
Suppose 4*g - 11112 = -2*g. Let x = 301 + g. Is x a composite number?
False
Suppose -7*x = -2*x - 15. Let m be (2/8)/((-4)/(-16)). Is (-1562)/((-6*m)/x) prime?
False
Let s(b) = 3*b**2 + 70*b + 81. Let h be s(-22). Is (23578/4)/(26/(-4) - h) composite?
False
Suppose 0 = -4*u - 20, -12*h = -13*h - 2*u + 475653. Is h prime?
False
Suppose 3*y = 3*h - 373719, -498292 = -0*h - 4*h - 16*y. Is h prime?
False
Let m = -22491 + 32756. Is m prime?
False
Let u(v) = -1012*v - 12. Let s be u(-6). Let z = -2273 + s. Is z a composite number?
True
Let c(b) = 6*b**3 + 36*b**2 + 38*b - 91. Is c(19) a composite number?
True
Let d(n) = -6280*n - 107. Is d(-7) a composite number?
False
Suppose 0 = -14*q - 32*q + 782. Suppose 56902 = q*h - 121547. Is h a composite number?
True
Suppose 1203088 + 838848 + 2629794 = 70*c. Is c composite?
False
Suppose 62 + 88 = 25*v. Let b(k) = -k - 2*k - 17 + 133*k**2 - 6*k - k. Is b(v) prime?
False
Let m(z) = z**2 - 8*z + 12. Let j be m(6). Suppose j = 25*b - 46325 - 246700. Is b a prime number?
False
Let w = -70 - -70. Suppose i - 392 - 844 = 5*t, -i + 4*t + 1240 = w. Is i/6 + 4/(-12) a prime number?
False
Suppose -5*p + 12364 = 1844. Suppose 2*v = -v - 4281. Let d = v + p. Is d a composite number?
False
Suppose -2*k + 170 = -348. Let j = -32 - 1. Let m = j + k. Is m a composite number?
True
Let i = 68 - 65. Suppose -i*r + 240 = r. Is 2/15 + 108412/r prime?
False
Let n be -46*(1 - 3)/2. Let j = n + -84. Let m = j + 1231. Is m prime?
True
Suppose -418778 - 66362 = -20*c. Is c a composite number?
True
Let m(l) = l**2 + 6*l - 3. Let u be m(-7). Suppose -4*w = -u - 12. Suppose w*b - 2522 = 2*b. Is b a prime number?
False
Suppose 55699 = v + 17*w - 19*w, -2*v = -w - 111386. Is v prime?
True
Let k = 43565 + -27152. Is k a prime number?
False
Suppose -21*l - l + 15215259 = 47*l. Is l prime?
True
Let k = -480924 - -1445617. Is k composite?
False
Let o(d) = -d**3 - 6*d**2 - 6*d - 423. Is o(-20) a composite number?
False
Suppose 4*l + 108*l = -14*l + 133014546. Is l a prime number?
True
Let x = 5194 - 2315. Let r = 5487 - x. Suppose 3987 + r = 5*l. Is l composite?
False
Let t(i) = 77*i - 75. Suppose -v + 2*o - 28 = -4*v, 2*o - 44 = -5*v. Is t(v) composite?
False
Suppose 5*h + 627*q - 624*q - 1134662 = 0, -h + 5*q = -226882. Is h prime?
False
Let g = -165750 - -243167. Is g a prime number?
True
Suppose 4*g = 3*i - 68, -8*i + 7*i = 4*g - 28. Suppose -i*b + b = -34477. Is b a prime number?
True
Let f(x) = x**2 - 8*x - 1. Let g be f(5). Let z(t) = -288*t + 29. Is z(g) a prime number?
True
Let s = 296382 - 207775. Is s a prime number?
True
Let f(v) = -v**3 - 8*v**2 + 9*v - 4. Let c be f(-9). Let y be 3 - (0/c)/(-4). Suppose 4*k - 693 = -h, 1700 = 2*h - y*k + 358. Is h a prime number?
True
Suppose 5*b = -30*b + 483035. Let d = 24390 - b. Is d composite?
False
Let n be (-302368)/(-5) - 6/(-15). Suppose -21*p - n = -27*p. Is p a prime number?
True
Let o = -100 - 15. Let n(a) = -206*a + 20. Let j be n(-1). Let k = j + o. Is k a prime number?
False
Let j = 59 - 51. Let o = j + -6. Suppose 643 + 138 = 3*d - o*n, -d = 3*n - 253. Is d a composite number?
True
Let y(z) = 354*z**2 - 330*z + 43. Is y(13) a prime number?
True
Suppose -1159*w + 395559 = -1158*w + o, 3*o + 1186653 = 3*w. Is w a prime number?
False
Let c(v) = v**3 + 6*v**2 + 4*v + 5. Let o(t) = 6*t + 13. Let r be o(-3). Let u be c(r). Suppose 5704 = u*y + 414. Is y a composite number?
True
Let